{"id":792,"date":"2023-04-28T11:38:03","date_gmt":"2023-04-28T09:38:03","guid":{"rendered":"https:\/\/inclita.es\/?post_type=product&#038;p=792"},"modified":"2026-01-02T04:01:50","modified_gmt":"2026-01-02T03:01:50","slug":"ciri-aromatic-de-cera-de-soja-natural","status":"publish","type":"product","link":"https:\/\/inclita.es\/index.php\/producto\/ciri-aromatic-de-cera-de-soja-natural\/","title":{"rendered":"Ciri arom\u00e0tic de cera de soja"},"content":{"rendered":"<p><strong>Materials:<\/strong> Ciri de cera de soja, ess\u00e8ncia arom\u00e0tica, flors i plantes naturals assecades.<\/p>\n<hr \/>\n<p><strong>Acabats i variacions:<\/strong> Actualment es presenta en quatre aromes diferents: Taronja, Romer, Canyella i Lavanda.<\/p>\n<hr \/>\n<p><strong>Consells i manteniment:<\/strong> Tallar la metxa lleugerament per a cada encesa. Vigilar les decoracions mentre es fon la cera per no generar focs. No encendre per m\u00e9s de 3 hores seguides. Mai deixar sense vigil\u00e0ncia o amb mascotes i menors. Duraci\u00f3 total entre 10 i 15 h.<\/p>\n<hr \/>\n<p><strong>Dimensions:<\/strong> Di\u00e0metre 7,5 cm. Alt 5 cm.<br \/>\n<strong>Pes total:<\/strong> 260 g.<br \/>\n<b>Pes net ciri:<\/b> 110 g.<\/p>\n","protected":false},"excerpt":{"rendered":"<p>Ciri arom\u00e0tic fet amb cera de soja 100% natural. Disponible en olor a romer, taronja, canyella i lavanda. Decorat amb flors i plantes naturals.<\/p>\n<p>Duraci\u00f3 entre 10 i 15 hores.<\/p>\n","protected":false},"featured_media":848,"comment_status":"open","ping_status":"closed","template":"","meta":{"_monsterinsights_skip_tracking":false,"_monsterinsights_sitenote_active":false,"_monsterinsights_sitenote_note":"","_monsterinsights_sitenote_category":0},"product_cat":[59,58],"product_tag":[],"class_list":{"0":"post-792","1":"product","2":"type-product","3":"status-publish","4":"has-post-thumbnail","6":"product_cat-aromatic","7":"product_cat-ciri","9":"first","10":"instock","11":"taxable","12":"shipping-taxable","13":"purchasable","14":"product-type-variable"},"jetpack_sharing_enabled":true,"_links":{"self":[{"href":"https:\/\/inclita.es\/index.php\/wp-json\/wp\/v2\/product\/792","targetHints":{"allow":["GET"]}}],"collection":[{"href":"https:\/\/inclita.es\/index.php\/wp-json\/wp\/v2\/product"}],"about":[{"href":"https:\/\/inclita.es\/index.php\/wp-json\/wp\/v2\/types\/product"}],"replies":[{"embeddable":true,"href":"https:\/\/inclita.es\/index.php\/wp-json\/wp\/v2\/comments?post=792"}],"wp:featuredmedia":[{"embeddable":true,"href":"https:\/\/inclita.es\/index.php\/wp-json\/wp\/v2\/media\/848"}],"wp:attachment":[{"href":"https:\/\/inclita.es\/index.php\/wp-json\/wp\/v2\/media?parent=792"}],"wp:term":[{"taxonomy":"product_cat","embeddable":true,"href":"https:\/\/inclita.es\/index.php\/wp-json\/wp\/v2\/product_cat?post=792"},{"taxonomy":"product_tag","embeddable":true,"href":"https:\/\/inclita.es\/index.php\/wp-json\/wp\/v2\/product_tag?post=792"}],"curies":[{"name":"wp","href":"https:\/\/api.w.org\/{rel}","templated":true}]}}