{"id":490,"date":"2023-03-23T09:52:55","date_gmt":"2023-03-23T08:52:55","guid":{"rendered":"https:\/\/inclita.es\/?page_id=490"},"modified":"2023-03-23T10:25:06","modified_gmt":"2023-03-23T09:25:06","slug":"envios-devoluciones-y-condiciones","status":"publish","type":"page","link":"https:\/\/inclita.es\/index.php\/es\/envios-devoluciones-y-condiciones\/","title":{"rendered":"Env\u00edos, devoluciones y condiciones"},"content":{"rendered":"\n<h2 class=\"wp-block-heading\">Env\u00edos<\/h2>\n\n\n\n<p>El tiempo de preparaci\u00f3n de pedidos suele ser entre 2 y 5 d\u00edas laborales.<\/p>\n\n\n\n<p>El tiempo de estos env\u00edos se suele estimar entre 2 a 4 d\u00edas laborables aproximadamente. No somos responsables de posibles retrasos. En definitiva, desde que haces un pedido hasta que llega, suelen pasar entre 4 y 10 d\u00edas.<\/p>\n\n\n\n<p>Desde \u00cdNCLITA enviamos nuestros pedidos mediante Correos. Hacemos env\u00edos ordinario y certificado. La diferencia reside en que el env\u00edo certificado incluye un localizador de paquete (n\u00famero de seguimiento) que podr\u00e1s usar para saber donde se encuentra tu pedido en todo momento, y la necesidad de firmar para recibir el paquete aportando seguridad y garant\u00eda.<\/p>\n\n\n\n<p>El repartidor de Correos entregar\u00e1 en mano el pedido.&nbsp;Si no hay nadie en el domicilio en el momento en el que el repartidor vaya a entregar el pedido, este dejar\u00e1 un \u201caviso de entrega\u201d en el buz\u00f3n del cliente. Con este recibo y el DNI, el cliente deber\u00e1 ir a su oficina de Correos correspondiente para recoger el pedido en un plazo de 15 d\u00edas (todo esto aparece reflejado en el \u201caviso de entrega\u201d que deja el cartero en el buz\u00f3n).<\/p>\n\n\n\n<p>Actualmente solo operamos de forma autom\u00e1tica en Espa\u00f1a, por lo que realizamos env\u00edos a Pen\u00ednsula. Pero&nbsp;s\u00ed deseas recibir tu pedido en&nbsp;Baleares, Canarias o cualquier otro pa\u00eds, escr\u00edbenos a hola@inclita.es y prepararemos el pedido con la tarifa de env\u00edo correspondiente.<\/p>\n\n\n\n<h2 class=\"wp-block-heading\">Devoluciones<\/h2>\n\n\n\n<p>No aceptamos devoluciones como norma general. De todos modos te animamos a que nos escribas a hola@inclita.es cont\u00e1ndonos tu problema y te intentaremos ayudar en la medida de lo posible.<\/p>\n\n\n\n<p>No ofrecemos devoluciones salvo en el caso de que el producto llegue da\u00f1ado o en mal estado. Si es el caso, recuerda que dispones de 7 d\u00edas desde que recibes el pedido para notific\u00e1rnoslo v\u00eda mail.<\/p>\n\n\n\n<p>Si deseas hacer alg\u00fan cambio en el pedido podr\u00e1s hacerlo de forma completamente gratuita hasta las 21:00h del d\u00eda en curso en el que has realizado el pedido. Pasadas las 21:00h podr\u00e1s hacer cambios pero tendr\u00e1s que abonar nuevamente costes de env\u00edo.<\/p>\n\n\n\n<h2 class=\"wp-block-heading\">Condiciones<\/h2>\n\n\n\n<p>\u00cdNCLITA ofrece la venta de sus productos en esta web a consumidores finales, entendiendo como consumidor final cualquier persona f\u00edsica que compra en en la web cualquier producto con fines distintos a actividades empresariales, comerciales o profesionales. Si deseas nuestros productos con un fin distinto al de consumidor final p\u00f3ngase en contacto con nosotros a trav\u00e9s de hola@inclita.es<\/p>\n\n\n\n<p>Por lo que respecta al derecho de propiedad intelectual, los derechos de explotaci\u00f3n de las obras corresponden \u00fanica y exclusivamente al autor, en este caso Eduard Soriano P\u00ednter. La Ley de Propiedad Intelectual Espa\u00f1ola especifica que la compra de la obra otorga al comprador la propiedad del soporte f\u00edsico que contiene la obra, pero no adquiere bajo ning\u00fan concepto la propiedad intelectual (derecho de autor y del autor) de la obra misma. Su reproducci\u00f3n y distribuci\u00f3n es un derecho exclusivo del autor.<\/p>\n\n\n\n<p>El usuario conoce y asume que todos los colores que aparecen en la web son diferentes dependiendo de la pantalla de visualizaci\u00f3n. Los colores que puedes ver a trav\u00e9s de tu pantalla pueden ser ligeramente diferentes a los del producto final. Al tratarse adem\u00e1s de productos artesanales los colores y acabados pueden diferir ligeramente de la imagen de referencia.<\/p>\n\n\n\n<h2 class=\"wp-block-heading\">\u00bfNecesitas m\u00e1s informaci\u00f3n?<\/h2>\n\n\n\n<p>Contacta con nosotros al mail hola@inclita.es y te atenderemos con la mayor brevedad posible para solucionar tus dudas.<\/p>\n","protected":false},"excerpt":{"rendered":"<p>Env\u00edos El tiempo de preparaci\u00f3n de pedidos suele ser entre 2 y 5 d\u00edas laborales. El tiempo de estos env\u00edos [&hellip;]<\/p>\n","protected":false},"author":1,"featured_media":0,"parent":0,"menu_order":0,"comment_status":"closed","ping_status":"closed","template":"","meta":{"_monsterinsights_skip_tracking":false,"_monsterinsights_sitenote_active":false,"_monsterinsights_sitenote_note":"","_monsterinsights_sitenote_category":0,"footnotes":""},"class_list":["post-490","page","type-page","status-publish","hentry"],"jetpack_sharing_enabled":true,"_links":{"self":[{"href":"https:\/\/inclita.es\/index.php\/wp-json\/wp\/v2\/pages\/490","targetHints":{"allow":["GET"]}}],"collection":[{"href":"https:\/\/inclita.es\/index.php\/wp-json\/wp\/v2\/pages"}],"about":[{"href":"https:\/\/inclita.es\/index.php\/wp-json\/wp\/v2\/types\/page"}],"author":[{"embeddable":true,"href":"https:\/\/inclita.es\/index.php\/wp-json\/wp\/v2\/users\/1"}],"replies":[{"embeddable":true,"href":"https:\/\/inclita.es\/index.php\/wp-json\/wp\/v2\/comments?post=490"}],"version-history":[{"count":3,"href":"https:\/\/inclita.es\/index.php\/wp-json\/wp\/v2\/pages\/490\/revisions"}],"predecessor-version":[{"id":511,"href":"https:\/\/inclita.es\/index.php\/wp-json\/wp\/v2\/pages\/490\/revisions\/511"}],"wp:attachment":[{"href":"https:\/\/inclita.es\/index.php\/wp-json\/wp\/v2\/media?parent=490"}],"curies":[{"name":"wp","href":"https:\/\/api.w.org\/{rel}","templated":true}]}}