{"id":253,"date":"2022-12-04T10:42:06","date_gmt":"2022-12-04T09:42:06","guid":{"rendered":"https:\/\/inclita.es\/?page_id=253"},"modified":"2023-03-27T18:10:13","modified_gmt":"2023-03-27T16:10:13","slug":"proyecto","status":"publish","type":"page","link":"https:\/\/inclita.es\/index.php\/es\/proyecto\/","title":{"rendered":"El proyecto"},"content":{"rendered":"\n<div class=\"wp-block-media-text alignwide has-media-on-the-right is-stacked-on-mobile has-black-color has-text-color\" style=\"grid-template-columns:auto 28%\"><div class=\"wp-block-media-text__content\">\n<div style=\"height:21px\" aria-hidden=\"true\" class=\"wp-block-spacer\"><\/div>\n\n\n\n<p><strong>\u00cdNCLITA <\/strong>nace en septiembre de 2022 en relaci\u00f3n a un Trabajo de Final de M\u00e1ster en Ingenier\u00eda del Dise\u00f1o. Gracias al apoyo recibido por parte de amigos, familia y conocidos decidimos formalizar la marca y empezar a presentarnos de forma oficial.<\/p>\n\n\n\n<p>Nuestros dise\u00f1os se inspiran por el patrimonio arquitect\u00f3nico de las ciudades, actualmente de la ciudad de Val\u00e8ncia, para hacerles destacar y darse cuenta de lo que tenemos y debemos amar y proteger. Somos conscientes de la importancia de nuestro patrimonio: es historia, cultura, pasado, presente y futuro, es nuestra fuente de creaci\u00f3n.<\/p>\n\n\n\n<p>Dise\u00f1o y producci\u00f3n local, a peque\u00f1a escala, hecha con cari\u00f1o en la ciudad de Val\u00e8ncia para sus gentes y aquellos visitantes que acoge.<\/p>\n<\/div><figure class=\"wp-block-media-text__media\"><img decoding=\"async\" src=\"https:\/\/inclita.es\/wp-content\/uploads\/2022\/11\/vlc-010422-170_edit-683x1024.jpg\" alt=\"\" class=\"wp-image-168 size-full\"\/><\/figure><\/div>\n\n\n\n<div style=\"height:100px\" aria-hidden=\"true\" class=\"wp-block-spacer\"><\/div>\n\n\n\n<div class=\"wp-block-media-text alignwide is-stacked-on-mobile\"><figure class=\"wp-block-media-text__media\"><img loading=\"lazy\" decoding=\"async\" width=\"1024\" height=\"687\" src=\"https:\/\/inclita.es\/wp-content\/uploads\/2022\/11\/DSC0290-scaled-e1669711461459-1024x687.jpg\" alt=\"\" class=\"wp-image-171 size-full\" srcset=\"https:\/\/inclita.es\/wp-content\/uploads\/2022\/11\/DSC0290-scaled-e1669711461459-1024x687.jpg 1024w, https:\/\/inclita.es\/wp-content\/uploads\/2022\/11\/DSC0290-scaled-e1669711461459-800x537.jpg 800w, https:\/\/inclita.es\/wp-content\/uploads\/2022\/11\/DSC0290-scaled-e1669711461459-300x201.jpg 300w, https:\/\/inclita.es\/wp-content\/uploads\/2022\/11\/DSC0290-scaled-e1669711461459-768x515.jpg 768w, https:\/\/inclita.es\/wp-content\/uploads\/2022\/11\/DSC0290-scaled-e1669711461459-1536x1030.jpg 1536w, https:\/\/inclita.es\/wp-content\/uploads\/2022\/11\/DSC0290-scaled-e1669711461459.jpg 1707w\" sizes=\"auto, (max-width: 1024px) 100vw, 1024px\" \/><\/figure><div class=\"wp-block-media-text__content\">\n<div style=\"height:20px\" aria-hidden=\"true\" class=\"wp-block-spacer\"><\/div>\n\n\n\n<p>La Lonja de la Seda o de los Mercaderes de Val\u00e8ncia inspir\u00f3 tambi\u00e9n nuestro nombre. En el sal\u00f3n columnario del edificio se puede leer una inscripci\u00f3n latina hablando de las virtudes del edificio y las bondades del buen comercio, empezando por esta palabra, \u00ednclita:<\/p>\n\n\n\n<p class=\"has-text-align-center\"><em><strong>Inclita <\/strong>domus sum annis aedificata quindecim. Gustate et videte concives quoniam bona est negotiatio, quae non agit dolum in lingua, quae jurat pr\u00f3ximo et non deficit, quae pecuniam non dedit ad usuram eius. Mercator sic agens divitiis redundabit, et tandem vita fructur aeterna.<\/em><\/p>\n<\/div><\/div>\n\n\n\n<div style=\"height:100px\" aria-hidden=\"true\" class=\"wp-block-spacer\"><\/div>\n\n\n\n<div class=\"wp-block-columns alignfull is-layout-flex wp-container-core-columns-is-layout-9d6595d7 wp-block-columns-is-layout-flex\">\n<div class=\"wp-block-column is-layout-flow wp-block-column-is-layout-flow\">\n<div class=\"wp-block-cover is-light\"><span aria-hidden=\"true\" class=\"wp-block-cover__background has-background-dim\"><\/span><img loading=\"lazy\" decoding=\"async\" width=\"1024\" height=\"558\" class=\"wp-block-cover__image-background wp-image-172\" alt=\"\" src=\"https:\/\/inclita.es\/wp-content\/uploads\/2022\/11\/A-PUNT-1024x558.jpg\" data-object-fit=\"cover\" srcset=\"https:\/\/inclita.es\/wp-content\/uploads\/2022\/11\/A-PUNT-1024x558.jpg 1024w, https:\/\/inclita.es\/wp-content\/uploads\/2022\/11\/A-PUNT-800x436.jpg 800w, https:\/\/inclita.es\/wp-content\/uploads\/2022\/11\/A-PUNT-300x163.jpg 300w, https:\/\/inclita.es\/wp-content\/uploads\/2022\/11\/A-PUNT-768x418.jpg 768w, https:\/\/inclita.es\/wp-content\/uploads\/2022\/11\/A-PUNT-1536x837.jpg 1536w, https:\/\/inclita.es\/wp-content\/uploads\/2022\/11\/A-PUNT.jpg 1920w\" sizes=\"auto, (max-width: 1024px) 100vw, 1024px\" \/><div class=\"wp-block-cover__inner-container is-layout-flow wp-block-cover-is-layout-flow\">\n<p class=\"has-text-align-center has-white-color has-text-color has-large-font-size\">Reportaje \u00c0 Punt Not\u00edcies Migdia 25\/11\/2022<\/p>\n\n\n<div class=\"wp-block-image\">\n<figure class=\"aligncenter size-thumbnail is-resized\"><a href=\"https:\/\/www.apuntmedia.es\/informatius\/a-punt-ntc\/complets\/25-11-2022-informatiu-migdia_134_1564864.html\" target=\"_blank\" rel=\"noreferrer noopener\"><img loading=\"lazy\" decoding=\"async\" src=\"https:\/\/inclita.es\/wp-content\/uploads\/2022\/11\/1200px-Logotip_dA_Punt_2017--150x150.png\" alt=\"\" class=\"wp-image-174\" width=\"122\" height=\"122\" title=\"\" srcset=\"https:\/\/inclita.es\/wp-content\/uploads\/2022\/11\/1200px-Logotip_dA_Punt_2017--150x150.png 150w, https:\/\/inclita.es\/wp-content\/uploads\/2022\/11\/1200px-Logotip_dA_Punt_2017--420x420.png 420w, https:\/\/inclita.es\/wp-content\/uploads\/2022\/11\/1200px-Logotip_dA_Punt_2017--100x100.png 100w, https:\/\/inclita.es\/wp-content\/uploads\/2022\/11\/1200px-Logotip_dA_Punt_2017--800x800.png 800w, https:\/\/inclita.es\/wp-content\/uploads\/2022\/11\/1200px-Logotip_dA_Punt_2017--300x300.png 300w, https:\/\/inclita.es\/wp-content\/uploads\/2022\/11\/1200px-Logotip_dA_Punt_2017--1024x1024.png 1024w, https:\/\/inclita.es\/wp-content\/uploads\/2022\/11\/1200px-Logotip_dA_Punt_2017--768x768.png 768w, https:\/\/inclita.es\/wp-content\/uploads\/2022\/11\/1200px-Logotip_dA_Punt_2017-.png 1200w\" sizes=\"auto, (max-width: 122px) 100vw, 122px\" \/><\/a><figcaption class=\"wp-element-caption\"> (Minuto 46:55)<\/figcaption><\/figure>\n<\/div><\/div><\/div>\n<\/div>\n\n\n\n<div class=\"wp-block-column is-layout-flow wp-block-column-is-layout-flow\">\n<div class=\"wp-block-cover\"><span aria-hidden=\"true\" class=\"wp-block-cover__background has-background-dim\"><\/span><img loading=\"lazy\" decoding=\"async\" width=\"960\" height=\"720\" class=\"wp-block-cover__image-background wp-image-173\" alt=\"\" src=\"https:\/\/inclita.es\/wp-content\/uploads\/2022\/11\/PREMIS-ARTESANIA.jpg\" data-object-fit=\"cover\" srcset=\"https:\/\/inclita.es\/wp-content\/uploads\/2022\/11\/PREMIS-ARTESANIA.jpg 960w, https:\/\/inclita.es\/wp-content\/uploads\/2022\/11\/PREMIS-ARTESANIA-800x600.jpg 800w, https:\/\/inclita.es\/wp-content\/uploads\/2022\/11\/PREMIS-ARTESANIA-300x225.jpg 300w, https:\/\/inclita.es\/wp-content\/uploads\/2022\/11\/PREMIS-ARTESANIA-768x576.jpg 768w\" sizes=\"auto, (max-width: 960px) 100vw, 960px\" \/><div class=\"wp-block-cover__inner-container is-layout-flow wp-block-cover-is-layout-flow\">\n<p class=\"has-text-align-center has-white-color has-text-color has-large-font-size\">Proyecto ganador en los Premios de Artesan\u00eda de la Comunitat Valenciana 2022. Categor\u00eda Nuevos Talentos<\/p>\n<\/div><\/div>\n<\/div>\n<\/div>\n","protected":false},"excerpt":{"rendered":"","protected":false},"author":1,"featured_media":0,"parent":0,"menu_order":0,"comment_status":"closed","ping_status":"closed","template":"","meta":{"_monsterinsights_skip_tracking":false,"_monsterinsights_sitenote_active":false,"_monsterinsights_sitenote_note":"","_monsterinsights_sitenote_category":0,"footnotes":""},"class_list":["post-253","page","type-page","status-publish","hentry"],"jetpack_sharing_enabled":true,"_links":{"self":[{"href":"https:\/\/inclita.es\/index.php\/wp-json\/wp\/v2\/pages\/253","targetHints":{"allow":["GET"]}}],"collection":[{"href":"https:\/\/inclita.es\/index.php\/wp-json\/wp\/v2\/pages"}],"about":[{"href":"https:\/\/inclita.es\/index.php\/wp-json\/wp\/v2\/types\/page"}],"author":[{"embeddable":true,"href":"https:\/\/inclita.es\/index.php\/wp-json\/wp\/v2\/users\/1"}],"replies":[{"embeddable":true,"href":"https:\/\/inclita.es\/index.php\/wp-json\/wp\/v2\/comments?post=253"}],"version-history":[{"count":3,"href":"https:\/\/inclita.es\/index.php\/wp-json\/wp\/v2\/pages\/253\/revisions"}],"predecessor-version":[{"id":580,"href":"https:\/\/inclita.es\/index.php\/wp-json\/wp\/v2\/pages\/253\/revisions\/580"}],"wp:attachment":[{"href":"https:\/\/inclita.es\/index.php\/wp-json\/wp\/v2\/media?parent=253"}],"curies":[{"name":"wp","href":"https:\/\/api.w.org\/{rel}","templated":true}]}}